{"id":84,"date":"2013-11-18T10:58:17","date_gmt":"2013-11-18T09:58:17","guid":{"rendered":"http:\/\/taekwondo-langenzenn.de\/?page_id=84"},"modified":"2026-01-24T22:36:26","modified_gmt":"2026-01-24T21:36:26","slug":"kyek-pa","status":"publish","type":"page","link":"https:\/\/taekwondo-langenzenn.de\/?page_id=84","title":{"rendered":"Kyek Pa"},"content":{"rendered":"<p>Kyek Pa (Bruchtest)<\/p>\n<p>Da die Techniken wegen der damit verbundenen Gefahren f\u00fcr einen Gegner nicht am Menschen trainiert werden, bedient man sich zum Test der Effektivit\u00e4t des Erlernten des Bruchtestes. Hier wird mit Hand- und Fu\u00dftechniken Materie (Holz und Stein) zerschlagen; nicht zum Selbstzweck, sondern zur Perfektionierung der Technik und zur St\u00e4rkung des Selbstvertrauens. Der Bruchtest ist kein Element des t\u00e4glichen Trainings, vielmehr dient er dem \u00dcbenden als Pr\u00fcfung des bisher Erreichten.<\/p>\n<p><center><a href=\"http:\/\/taekwondo-langenzenn.de\/wp-content\/uploads\/2013\/11\/3.3.jpg\"><img loading=\"lazy\" class=\"alignnone size-medium wp-image-124\" style=\"-webkit-box-shadow: 9px 9px 15px grey, -5px 5px 7px grey; -moz-box-shadow: 5px 5px 7px grey, -5px 5px 7px grey; -ms-box-shadow: 5px 5px 7px grey, -5px 5px 7px grey; -o-box-shadow: 5px 5px 7px grey, -5px 5px 7px grey; box-shadow: 5px 5px 7px grey, -5px 5px 7px grey; border: solid black 2px;\" src=\"http:\/\/taekwondo-langenzenn.de\/wp-content\/uploads\/2013\/11\/3.3-300x176.jpg\" alt=\"3.3\" width=\"300\" height=\"176\" srcset=\"https:\/\/taekwondo-langenzenn.de\/wp-content\/uploads\/2013\/11\/3.3-300x176.jpg 300w, https:\/\/taekwondo-langenzenn.de\/wp-content\/uploads\/2013\/11\/3.3-624x366.jpg 624w, https:\/\/taekwondo-langenzenn.de\/wp-content\/uploads\/2013\/11\/3.3.jpg 750w\" sizes=\"(max-width: 300px) 100vw, 300px\" \/><\/a><\/center><\/p>\n<p style=\"text-align: center;\">\u00a9 Black Belt Center F\u00fcrth e.V. 2026<\/p>\n","protected":false},"excerpt":{"rendered":"<p>Kyek Pa (Bruchtest) Da die Techniken wegen der damit verbundenen Gefahren f\u00fcr einen Gegner nicht am Menschen trainiert werden, bedient man sich zum Test der Effektivit\u00e4t des Erlernten des Bruchtestes. Hier wird mit Hand- und Fu\u00dftechniken Materie (Holz und Stein) zerschlagen; nicht zum Selbstzweck, sondern zur Perfektionierung der Technik und zur St\u00e4rkung des Selbstvertrauens. Der [&hellip;]<\/p>\n","protected":false},"author":3,"featured_media":0,"parent":88,"menu_order":0,"comment_status":"closed","ping_status":"closed","template":"","meta":[],"_links":{"self":[{"href":"https:\/\/taekwondo-langenzenn.de\/index.php?rest_route=\/wp\/v2\/pages\/84"}],"collection":[{"href":"https:\/\/taekwondo-langenzenn.de\/index.php?rest_route=\/wp\/v2\/pages"}],"about":[{"href":"https:\/\/taekwondo-langenzenn.de\/index.php?rest_route=\/wp\/v2\/types\/page"}],"author":[{"embeddable":true,"href":"https:\/\/taekwondo-langenzenn.de\/index.php?rest_route=\/wp\/v2\/users\/3"}],"replies":[{"embeddable":true,"href":"https:\/\/taekwondo-langenzenn.de\/index.php?rest_route=%2Fwp%2Fv2%2Fcomments&post=84"}],"version-history":[{"count":10,"href":"https:\/\/taekwondo-langenzenn.de\/index.php?rest_route=\/wp\/v2\/pages\/84\/revisions"}],"predecessor-version":[{"id":1729,"href":"https:\/\/taekwondo-langenzenn.de\/index.php?rest_route=\/wp\/v2\/pages\/84\/revisions\/1729"}],"up":[{"embeddable":true,"href":"https:\/\/taekwondo-langenzenn.de\/index.php?rest_route=\/wp\/v2\/pages\/88"}],"wp:attachment":[{"href":"https:\/\/taekwondo-langenzenn.de\/index.php?rest_route=%2Fwp%2Fv2%2Fmedia&parent=84"}],"curies":[{"name":"wp","href":"https:\/\/api.w.org\/{rel}","templated":true}]}}